{"id":19090,"date":"2024-12-04T21:59:31","date_gmt":"2024-12-04T21:59:31","guid":{"rendered":"https:\/\/www.casadeherrero.com\/propiedades\/?post_type=property&#038;p=19090"},"modified":"2024-12-04T22:17:04","modified_gmt":"2024-12-04T22:17:04","slug":"orrego-luco","status":"publish","type":"property","link":"https:\/\/www.casadeherrero.com\/propiedades\/property\/orrego-luco\/","title":{"rendered":"Espectacular Duplex con jard\u00edn en Orrego Luco, Providencia"},"content":{"rendered":"<p class=\"p1\"><b>ESPECTACULAR DUPLEX EN PRIMER PISO <\/b><\/p>\n<p class=\"p1\">CON INCRE\u00cdBLE JARD\u00cdN DE USO EXCLUSIVO DEL DEPARTAMENTO, FINAS TERMINACIONES EN EDIFICIO TRADICIONAL, DE ESTILO EUROPEO VANGUARDISTA.<\/p>\n<p><b>DORMITORIOS <\/b>3<br \/>\n<b>BA\u00d1OS <\/b>2<br \/>\n<b>SALA DE ESTAR <\/b>1<br \/>\n<b>ESTACIONAMIENTOS <\/b>1<br \/>\n<b>BODEGAS <\/b>1<br \/>\n<b>DORMITORIO Y BA\u00d1O DE SERVICIO <\/b>1<br \/>\n<b>CONSTRU\u00cdDO <\/b>240M2<br \/>\n<b>TERRAZAS <\/b>67 M2<br \/>\n<b>TOTAL <\/b>307 M2<br \/>\n<b>PRIMER PISO: <\/b>JARDIN _<br \/>\n<b>REMODELADO: <\/b>POR MATHIAS KOLTZ 1999 Y CONTEXTO ARQ 2018<br \/>\n<b>ARQ<\/b>. ESCIPION MUNIZAGA \/<i>1940<\/i><\/p>\n<p class=\"p1\"><b>DISTRIBUCI\u00d3N PISO 1<\/b>:<\/p>\n<p class=\"p1\">HALL DE ENTRADA, AMPLIO LIVING DOBLE, COMEDOR, COCINA, ESCRITORIO Y SALIDA A JARD\u00cdN INDEPENDIENTE<\/p>\n<p class=\"p1\"><b>PISO 2: <\/b>DORMITORIO PRINCIPAL CON WALK-IN CLOSET Y BA\u00d1O EN SUITE. 2 DORMITORIOS QUE COMPARTEN UN BA\u00d1O AMPLIO CON LUZ NATURAL. DORMITORIO Y BA\u00d1O DE SERVICIO.<\/p>\n<p class=\"p1\"><b>OTROS<br \/>\n<\/b>&#8211; CADA PISO TIENE ENTRADA INDEPENDIENTE.<\/p>\n<p class=\"p1\">&#8211; EL ASCENSOR LLEGA A AMBOS PISOS.<\/p>\n<p class=\"p1\">&#8211; PISO DE PARQUET ORIGINAL EN TODO EL DEPARTAMENTO.<\/p>\n<p class=\"p1\">&#8211; COCINA REMODELAD. <span class=\"s1\"><i>WWW.LIVINGSTONELTON.CL\/ <\/i><\/span><\/p>\n<p class=\"p1\">&#8211; ALTURA PISO CIELO 2.60 MT.<\/p>\n<p class=\"p1\">&#8211; CALEFACCI\u00d3N POR RADIQADORES, AGUA CALIENTE CENTRAL<\/p>\n<p class=\"p1\">&#8211; CONSERJE RESIDIENDO EN EDIFICIO.<\/p>\n<p class=\"p1\">&#8211; SOLO 6 DEPARTAMENTOS,<\/p>\n<p class=\"p1\">&#8211; TODOS DUPLEX.<\/p>\n<p class=\"p1\">&#8211; 1 ESTACIONAMIENTO SUBTERR\u00c1NEO<\/p>\n<p class=\"p1\">&#8211; BODEGA EN EL TECHO<\/p>\n<p class=\"p1\">&#8211; RED EL\u00c9CTRICA DEL DEPARTAMENTO DEL <b>2018<br \/>\n<\/b>&#8211; RED DE GAS DEL DEPARTAMENTO DEL <b>2016<br \/>\n<\/b>&#8211; SISTEMA DE CALDERA Y CALEFACCI\u00d3N DEL EDIFICIO DEL <b>2016<br \/>\n<\/b>&#8211; EL DEPARTAMENTO CUENTA CON SEGURO DE INCENDIO Y DE SISMOS, ESO LO SACAMOS NOSOTROS YA QUE TENEMOS OTRAS PROPIEDADES ASEGURADAS.<br \/>\n&#8211; EL EDIFICIO SI CUENTA CON SEGURO DE INCENDIO Y SISMOS EN SUS \u00c1REAS COMUNES, EL RESTO ES DE LOS DEPARTAMENTOS.<br \/>\n&#8211; <b>NO <\/b>ES MONUMENTO HIST\u00d3RICO NACIONAL<\/p>\n","protected":false},"excerpt":{"rendered":"<p>ESPECTACULAR DUPLEX EN PRIMER PISO CON INCRE\u00cdBLE JARD\u00cdN DE USO EXCLUSIVO DEL DEPARTAMENTO, FINAS TERMINACIONES EN EDIFICIO TRADICIONAL, DE ESTILO EUROPEO VANGUARDISTA. DORMITORIOS 3 BA\u00d1OS 2 SALA DE ESTAR 1 ESTACIONAMIENTOS 1 BODEGAS 1 DORMITORIO Y BA\u00d1O DE SERVICIO 1 CONSTRU\u00cdDO 240M2 TERRAZAS 67 M2 TOTAL 307 M2 PRIMER PISO: JARDIN _ REMODELADO: POR MATHIAS [&hellip;]<\/p>\n","protected":false},"author":1,"featured_media":19091,"parent":0,"menu_order":0,"template":"","property_type":[78,60],"property_status":[32],"property_feature":[102,100],"property_label":[],"property_country":[69],"property_state":[23],"property_city":[43],"property_area":[115,114],"class_list":["post-19090","property","type-property","status-publish","has-post-thumbnail","hentry","property_type-departamento","property_type-residencial","property_status-venta","property_feature-calefaccion","property_feature-pisos-de-madera","property_country-chile","property_state-region-metropolitana","property_city-santiago","property_area-carmen-silva-los-leones","property_area-providencia"],"property_meta":{"fave_currency_info":["","",""],"fave_property_size":["307","307"],"fave_property_size_prefix":["m2","m2"],"fave_property_bedrooms":["4","4"],"fave_property_bathrooms":["3","3"],"fave_property_id":["VLL77","VLL77"],"_vc_post_settings":["a:1:{s:10:\"vc_grid_id\";a:0:{}}","a:1:{s:10:\"vc_grid_id\";a:0:{}}"],"fave_property_price":["21500","21500"],"fave_property_map":["0","0"],"fave_property_location":["25.729055,-80.234473,11","25.729055,-80.234473,11"],"fave_property_country":["US","US"],"fave_agents":["19084","19084"],"fave_additional_features_enable":["enable","enable"],"fave_floor_plans_enable":["enable","enable"],"floor_plans":["a:2:{i:0;a:1:{s:15:\"fave_plan_title\";s:11:\"Primer Piso\";}i:1;a:1:{s:15:\"fave_plan_title\";s:12:\"Segundo Piso\";}}","a:2:{i:0;a:1:{s:15:\"fave_plan_title\";s:11:\"Primer Piso\";}i:1;a:1:{s:15:\"fave_plan_title\";s:12:\"Segundo Piso\";}}"],"fave_featured":["0","0"],"houzez_featured_listing_date":[""],"houzez_geolocation_lat":["25.729055","25.729055","25.729055"],"houzez_geolocation_long":["-80.234473","-80.234473","-80.234473"],"fave_video_image":["84","84"],"fave_property_address":["Orrego Luco","Orrego Luco"],"fave_agent_display_option":["agent_info","agent_info"],"_thumbnail_id":["19091","19091"],"fave_property_map_street_view":["show","show"],"fave_payment_status":["not_paid","not_paid"],"houzez_total_property_views":["13321","13321"],"houzez_views_by_date":["a:61:{s:10:\"02-05-2026\";i:3;s:10:\"02-06-2026\";i:2;s:10:\"02-08-2026\";i:1;s:10:\"02-09-2026\";i:24;s:10:\"02-11-2026\";i:7;s:10:\"02-12-2026\";i:4;s:10:\"02-15-2026\";i:23;s:10:\"02-17-2026\";i:2;s:10:\"02-18-2026\";i:1;s:10:\"02-20-2026\";i:2;s:10:\"02-21-2026\";i:2;s:10:\"02-22-2026\";i:2;s:10:\"02-23-2026\";i:2;s:10:\"02-24-2026\";i:2;s:10:\"02-25-2026\";i:6;s:10:\"02-28-2026\";i:23;s:10:\"03-01-2026\";i:1;s:10:\"03-02-2026\";i:3;s:10:\"03-03-2026\";i:4;s:10:\"03-04-2026\";i:1;s:10:\"03-05-2026\";i:4;s:10:\"03-08-2026\";i:1;s:10:\"03-09-2026\";i:1;s:10:\"03-10-2026\";i:2;s:10:\"03-11-2026\";i:2;s:10:\"03-12-2026\";i:1;s:10:\"03-13-2026\";i:2;s:10:\"03-14-2026\";i:3;s:10:\"03-16-2026\";i:1;s:10:\"03-18-2026\";i:1;s:10:\"03-19-2026\";i:3;s:10:\"03-21-2026\";i:1;s:10:\"03-23-2026\";i:2;s:10:\"03-24-2026\";i:1;s:10:\"03-25-2026\";i:3;s:10:\"03-26-2026\";i:5;s:10:\"03-27-2026\";i:1;s:10:\"03-28-2026\";i:1;s:10:\"03-30-2026\";i:2;s:10:\"03-31-2026\";i:1;s:10:\"04-01-2026\";i:2;s:10:\"04-02-2026\";i:1;s:10:\"04-03-2026\";i:1;s:10:\"04-04-2026\";i:1;s:10:\"04-06-2026\";i:2;s:10:\"04-08-2026\";i:3;s:10:\"04-09-2026\";i:1;s:10:\"04-10-2026\";i:1;s:10:\"04-11-2026\";i:2;s:10:\"04-12-2026\";i:1;s:10:\"04-13-2026\";i:1;s:10:\"04-14-2026\";i:1;s:10:\"04-16-2026\";i:1;s:10:\"04-17-2026\";i:2;s:10:\"04-22-2026\";i:3;s:10:\"04-23-2026\";i:2;s:10:\"04-24-2026\";i:2;s:10:\"04-25-2026\";i:1;s:10:\"04-30-2026\";i:1;s:10:\"05-01-2026\";i:2;s:10:\"05-02-2026\";i:1;}","a:61:{s:10:\"02-05-2026\";i:3;s:10:\"02-06-2026\";i:2;s:10:\"02-08-2026\";i:1;s:10:\"02-09-2026\";i:24;s:10:\"02-11-2026\";i:7;s:10:\"02-12-2026\";i:4;s:10:\"02-15-2026\";i:23;s:10:\"02-17-2026\";i:2;s:10:\"02-18-2026\";i:1;s:10:\"02-20-2026\";i:2;s:10:\"02-21-2026\";i:2;s:10:\"02-22-2026\";i:2;s:10:\"02-23-2026\";i:2;s:10:\"02-24-2026\";i:2;s:10:\"02-25-2026\";i:6;s:10:\"02-28-2026\";i:23;s:10:\"03-01-2026\";i:1;s:10:\"03-02-2026\";i:3;s:10:\"03-03-2026\";i:4;s:10:\"03-04-2026\";i:1;s:10:\"03-05-2026\";i:4;s:10:\"03-08-2026\";i:1;s:10:\"03-09-2026\";i:1;s:10:\"03-10-2026\";i:2;s:10:\"03-11-2026\";i:2;s:10:\"03-12-2026\";i:1;s:10:\"03-13-2026\";i:2;s:10:\"03-14-2026\";i:3;s:10:\"03-16-2026\";i:1;s:10:\"03-18-2026\";i:1;s:10:\"03-19-2026\";i:3;s:10:\"03-21-2026\";i:1;s:10:\"03-23-2026\";i:2;s:10:\"03-24-2026\";i:1;s:10:\"03-25-2026\";i:3;s:10:\"03-26-2026\";i:5;s:10:\"03-27-2026\";i:1;s:10:\"03-28-2026\";i:1;s:10:\"03-30-2026\";i:2;s:10:\"03-31-2026\";i:1;s:10:\"04-01-2026\";i:2;s:10:\"04-02-2026\";i:1;s:10:\"04-03-2026\";i:1;s:10:\"04-04-2026\";i:1;s:10:\"04-06-2026\";i:2;s:10:\"04-08-2026\";i:3;s:10:\"04-09-2026\";i:1;s:10:\"04-10-2026\";i:1;s:10:\"04-11-2026\";i:2;s:10:\"04-12-2026\";i:1;s:10:\"04-13-2026\";i:1;s:10:\"04-14-2026\";i:1;s:10:\"04-16-2026\";i:1;s:10:\"04-17-2026\";i:2;s:10:\"04-22-2026\";i:3;s:10:\"04-23-2026\";i:2;s:10:\"04-24-2026\";i:2;s:10:\"04-25-2026\";i:1;s:10:\"04-30-2026\";i:1;s:10:\"05-01-2026\";i:2;s:10:\"05-02-2026\";i:1;}"],"fave_multiunit_plans_enable":["disable","disable"],"fave_loggedintoview":["0","0"],"houzez_recently_viewed":["2026-05-02 06:20:55","2026-05-02 06:20:55"],"fave_single_top_area":["global","global"],"fave_single_content_area":["global","global"],"houzez_manual_expire":["0","0"],"_houzez_expiration_date_status":["saved","saved"],"_edit_lock":["1733350627:1"],"_edit_last":["1"],"fave_show_price_placeholder":["0"],"fave_property_agency":["2792"],"fave_property_garage":["1"],"fave_property_year":["1940"],"fave_property_images":["19091","19103","19102","19101","19098","19099","19097","19093","19096","19095","19094","19100","19092"]},"_links":{"self":[{"href":"https:\/\/www.casadeherrero.com\/propiedades\/wp-json\/wp\/v2\/properties\/19090","targetHints":{"allow":["GET"]}}],"collection":[{"href":"https:\/\/www.casadeherrero.com\/propiedades\/wp-json\/wp\/v2\/properties"}],"about":[{"href":"https:\/\/www.casadeherrero.com\/propiedades\/wp-json\/wp\/v2\/types\/property"}],"author":[{"embeddable":true,"href":"https:\/\/www.casadeherrero.com\/propiedades\/wp-json\/wp\/v2\/users\/1"}],"version-history":[{"count":1,"href":"https:\/\/www.casadeherrero.com\/propiedades\/wp-json\/wp\/v2\/properties\/19090\/revisions"}],"predecessor-version":[{"id":19104,"href":"https:\/\/www.casadeherrero.com\/propiedades\/wp-json\/wp\/v2\/properties\/19090\/revisions\/19104"}],"wp:featuredmedia":[{"embeddable":true,"href":"https:\/\/www.casadeherrero.com\/propiedades\/wp-json\/wp\/v2\/media\/19091"}],"wp:attachment":[{"href":"https:\/\/www.casadeherrero.com\/propiedades\/wp-json\/wp\/v2\/media?parent=19090"}],"wp:term":[{"taxonomy":"property_type","embeddable":true,"href":"https:\/\/www.casadeherrero.com\/propiedades\/wp-json\/wp\/v2\/property_type?post=19090"},{"taxonomy":"property_status","embeddable":true,"href":"https:\/\/www.casadeherrero.com\/propiedades\/wp-json\/wp\/v2\/property_status?post=19090"},{"taxonomy":"property_feature","embeddable":true,"href":"https:\/\/www.casadeherrero.com\/propiedades\/wp-json\/wp\/v2\/property_feature?post=19090"},{"taxonomy":"property_label","embeddable":true,"href":"https:\/\/www.casadeherrero.com\/propiedades\/wp-json\/wp\/v2\/property_label?post=19090"},{"taxonomy":"property_country","embeddable":true,"href":"https:\/\/www.casadeherrero.com\/propiedades\/wp-json\/wp\/v2\/property_country?post=19090"},{"taxonomy":"property_state","embeddable":true,"href":"https:\/\/www.casadeherrero.com\/propiedades\/wp-json\/wp\/v2\/property_state?post=19090"},{"taxonomy":"property_city","embeddable":true,"href":"https:\/\/www.casadeherrero.com\/propiedades\/wp-json\/wp\/v2\/property_city?post=19090"},{"taxonomy":"property_area","embeddable":true,"href":"https:\/\/www.casadeherrero.com\/propiedades\/wp-json\/wp\/v2\/property_area?post=19090"}],"curies":[{"name":"wp","href":"https:\/\/api.w.org\/{rel}","templated":true}]}}

Espectacular Duplex con jardín en Orrego Luco, Providencia

<p class="p1"><b>ESPECTACULAR DUPLEX EN PRIMER PISO </b></p>
<p class="p1">CON INCREÍBLE JARDÍN DE USO EXCLUSIVO DEL DEPARTAMENTO, FINAS TERMINACIONES EN EDIFICIO TRADICIONAL, DE ESTILO EUROPEO VANGUARDISTA.</p>
<p><b>DORMITORIOS </b>3<br />
<b>BAÑOS </b>2<br />
<b>SALA DE ESTAR </b>1<br />
<b>ESTACIONAMIENTOS </b>1<br />
<b>BODEGAS </b>1<br />
<b>DORMITORIO Y BAÑO DE SERVICIO </b>1<br />
<b>CONSTRUÍDO </b>240M2<br />
<b>TERRAZAS </b>67 M2<br />
<b>TOTAL </b>307 M2<br />
<b>PRIMER PISO: </b>JARDIN _<br />
<b>REMODELADO: </b>POR MATHIAS KOLTZ 1999 Y CONTEXTO ARQ 2018<br />
<b>ARQ</b>. ESCIPION MUNIZAGA /<i>1940</i></p>
<p class="p1"><b>DISTRIBUCIÓN PISO 1</b>:</p>
<p class="p1">HALL DE ENTRADA, AMPLIO LIVING DOBLE, COMEDOR, COCINA, ESCRITORIO Y SALIDA A JARDÍN INDEPENDIENTE</p>
<p class="p1"><b>PISO 2: </b>DORMITORIO PRINCIPAL CON WALK-IN CLOSET Y BAÑO EN SUITE. 2 DORMITORIOS QUE COMPARTEN UN BAÑO AMPLIO CON LUZ NATURAL. DORMITORIO Y BAÑO DE SERVICIO.</p>
<p class="p1"><b>OTROS<br />
</b>&#8211; CADA PISO TIENE ENTRADA INDEPENDIENTE.</p>
<p class="p1">&#8211; EL ASCENSOR LLEGA A AMBOS PISOS.</p>
<p class="p1">&#8211; PISO DE PARQUET ORIGINAL EN TODO EL DEPARTAMENTO.</p>
<p class="p1">&#8211; COCINA REMODELAD. <span class="s1"><i>WWW.LIVINGSTONELTON.CL/ </i></span></p>
<p class="p1">&#8211; ALTURA PISO CIELO 2.60 MT.</p>
<p class="p1">&#8211; CALEFACCIÓN POR RADIQADORES, AGUA CALIENTE CENTRAL</p>
<p class="p1">&#8211; CONSERJE RESIDIENDO EN EDIFICIO.</p>
<p class="p1">&#8211; SOLO 6 DEPARTAMENTOS,</p>
<p class="p1">&#8211; TODOS DUPLEX.</p>
<p class="p1">&#8211; 1 ESTACIONAMIENTO SUBTERRÁNEO</p>
<p class="p1">&#8211; BODEGA EN EL TECHO</p>
<p class="p1">&#8211; RED ELÉCTRICA DEL DEPARTAMENTO DEL <b>2018<br />
</b>&#8211; RED DE GAS DEL DEPARTAMENTO DEL <b>2016<br />
</b>&#8211; SISTEMA DE CALDERA Y CALEFACCIÓN DEL EDIFICIO DEL <b>2016<br />
</b>&#8211; EL DEPARTAMENTO CUENTA CON SEGURO DE INCENDIO Y DE SISMOS, ESO LO SACAMOS NOSOTROS YA QUE TENEMOS OTRAS PROPIEDADES ASEGURADAS.<br />
&#8211; EL EDIFICIO SI CUENTA CON SEGURO DE INCENDIO Y SISMOS EN SUS ÁREAS COMUNES, EL RESTO ES DE LOS DEPARTAMENTOS.<br />
&#8211; <b>NO </b>ES MONUMENTO HISTÓRICO NACIONAL</p>

<p>ESPECTACULAR DUPLEX EN PRIMER PISO CON INCREÍBLE JARDÍN DE USO EXCLUSIVO DEL DEPARTAMENTO, FINAS TERMINACIONES EN EDIFICIO TRADICIONAL, DE ESTILO EUROPEO VANGUARDISTA. DORMITORIOS 3 BAÑOS 2 SALA DE ESTAR 1 ESTACIONAMIENTOS 1 BODEGAS 1 DORMITORIO Y BAÑO DE SERVICIO 1 CONSTRUÍDO 240M2 TERRAZAS 67 M2 TOTAL 307 M2 PRIMER PISO: JARDIN _ REMODELADO: POR MATHIAS [&hellip;]</p>
